er when 967 is divided by 192?
7
Calculate the remainder when 3476 is divided by 30.
26
What is the remainder when 389 is divided by 128?
5
Calculate the remainder when 119 is divided by 60.
59
What is the remainder when 523 is divided by 44?
39
Calculate the remainder when 1203 is divided by 591.
21
Calculate the remainder when 78 is divided by 21.
15
Calculate the remainder when 943 is divided by 136.
127
Calculate the remainder when 15 is divided by 5.
0
Calculate the remainder when 5511 is divided by 5500.
11
What is the remainder when 160 is divided by 60?
40
What is the remainder when 112 is divided by 70?
42
Calculate the remainder when 3358 is divided by 140.
138
What is the remainder when 838 is divided by 21?
19
What is the remainder when 614 is divided by 41?
40
Calculate the remainder when 623 is divided by 100.
23
What is the remainder when 50 is divided by 24?
2
What is the remainder when 91 is divided by 49?
42
What is the remainder when 136 is divided by 37?
25
What is the remainder when 44 is divided by 44?
0
What is the remainder when 1856 is divided by 93?
89
What is the remainder when 710 is divided by 10?
0
Calculate the remainder when 475 is divided by 90.
25
Calculate the remainder when 372 is divided by 49.
29
Calculate the remainder when 799 is divided by 20.
19
Calculate the remainder when 640 is divided by 168.
136
What is the remainder when 3135 is divided by 32?
31
What is the remainder when 466 is divided by 30?
16
What is the remainder when 78 is divided by 8?
6
What is the remainder when 117 is divided by 54?
9
What is the remainder when 26 is divided by 14?
12
Calculate the remainder when 251 is divided by 20.
11
What is the remainder when 535 is divided by 30?
25
What is the remainder when 50893 is divided by 65?
63
Calculate the remainder when 1469 is divided by 21.
20
Calculate the remainder when 999 is divided by 159.
45
Calculate the remainder when 3969 is divided by 45.
9
Calculate the remainder when 174 is divided by 7.
6
Calculate the remainder when 286 is divided by 55.
11
What is the remainder when 464 is divided by 94?
88
What is the remainder when 76 is divided by 76?
0
Calculate the remainder when 140 is divided by 39.
23
Calculate the remainder when 711 is divided by 61.
40
Calculate the remainder when 54 is divided by 10.
4
Calculate the remainder when 485 is divided by 347.
138
What is the remainder when 215 is divided by 108?
107
Calculate the remainder when 307 is divided by 96.
19
What is the remainder when 284 is divided by 224?
60
What is the remainder when 151 is divided by 41?
28
Calculate the remainder when 588 is divided by 118.
116
What is the remainder when 329 is divided by 30?
29
Calculate the remainder when 366 is divided by 8.
6
What is the remainder when 11239 is divided by 9?
7
What is the remainder when 174 is divided by 43?
2
Calculate the remainder when 1914 is divided by 78.
42
What is the remainder when 205 is divided by 112?
93
What is the remainder when 1420 is divided by 62?
56
Calculate the remainder when 251 is divided by 51.
47
Calculate the remainder when 1450 is divided by 30.
10
What is the remainder when 657 is divided by 218?
3
What is the remainder when 857 is divided by 79?
67
What is the remainder when 181 is divided by 29?
7
What is the remainder when 169 is divided by 15?
4
What is the remainder when 90 is divided by 46?
44
What is the remainder when 1974 is divided by 104?
102
What is the remainder when 797 is divided by 67?
60
What is the remainder when 1165 is divided by 16?
13
What is the remainder when 9439 is divided by 32?
31
Calculate the remainder when 2066 is divided by 90.
86
What is the remainder when 110 is divided by 40?
30
Calculate the remainder when 31 is divided by 3.
1
What is the remainder when 446 is divided by 20?
6
What is the remainder when 79 is divided by 30?
19
What is the remainder when 552 is divided by 121?
68
Calculate the remainder when 40 is divided by 7.
5
What is the remainder when 580 is divided by 289?
2
What is the remainder when 7460 is divided by 81?
8
What is the remainder when 8925 is divided by 31?
28
What is the remainder when 670 is divided by 99?
76
Calculate the remainder when 509 is divided by 16.
13
Calculate the remainder when 345 is divided by 295.
50
What is the remainder when 3952 is divided by 986?
8
What is the remainder when 562 is divided by 280?
2
Calculate the remainder when 82 is divided by 14.
12
What is the remainder when 498 is divided by 121?
14
Calculate the remainder when 809 is divided by 135.
134
Calculate the remainder when 682 is divided by 341.
0
What is the remainder when 81 is divided by 51?
30
What is the remainder when 50 is divided by 15?
5
Calculate the remainder when 4142 is divided by 56.
54
Calculate the remainder when 812 is divided by 99.
20
What is the remainder when 89 is divided by 18?
17
Calculate the remainder when 2969 is divided by 124.
117
What is the remainder when 214 is divided by 53?
2
Calculate the remainder when 90 is divided by 19.
14
Calculate the remainder when 196 is divided by 101.
95
Calculate the remainder when 411 is divided by 13.
8
What is the remainder when 141 is divided by 85?
56
What is the remainder when 99 is divided by 22?
11
Calculate the remainder when 324 is divided by 247.
77
What is the remainder when 23 is divided by 10?
3
What is the remainder when 38 is divided by 18?
2
Calculate the remainder when 119 is divided by 5.
4
What is the remainder when 403 is divided by 402?
1
What is the remainder when 4398 is divided by 83?
82
Calculate the remainder when 2896 is divided by 63.
61
What is the remainder when 96 is divided by 9?
6
Calculate the remainder when 916 is divided by 9.
7
Calculate the remainder when 374 is divided by 63.
59
What is the remainder when 51 is divided by 20?
11
Calculate the remainder when 298 is divided by 12.
10
What is the remainder when 761 is divided by 16?
9
Calculate the remainder when 175 is divided by 133.
42
Calculate the remainder when 21 is divided by 15.
6
Calculate the remainder when 208 is divided by 77.
54
Calculate the remainder when 356 is divided by 125.
106
Calculate the remainder when 173 is divided by 53.
14
Calculate the remainder when 598 is divided by 120.
118
Calculate the remainder when 337 is divided by 134.
69
Calculate the remainder when 288 is divided by 48.
0
What is the remainder when 3155 is divided by 39?
35
Calculate the remainder when 375 is divided by 52.
11
Calculate the remainder when 2936 is divided by 430.
356
Calculate the remainder when 119 is divided by 15.
14
What is the remainder when 29 is divided by 20?
9
What is the remainder when 234 is divided by 81?
72
What is the remainder when 487 is divided by 35?
32
Calculate the remainder when 423 is divided by 3.
0
Calculate the remainder when 187 is divided by 63.
61
Calculate the remainder when 329 is divided by 65.
4
What is the remainder when 2080 is divided by 39?
13
Calculate the remainder when 41 is divided by 26.
15
What is the remainder when 4409 is divided by 64?
57
What is the remainder when 31 is divided by 7?
3
What is the remainder when 411 is divided by 37?
4
Calculate the remainder when 207 is divided by 14.
11
Calculate the remainder when 836 is divided by 3.
2
What is the remainder when 90 is divided by 44?
2
What is the remainder when 43 is divided by 4?
3
Calculate the remainder when 1150 is divided by 64.
62
Calculate the remainder when 3814 is divided by 759.
19
What is the remainder when 4090 is divided by 64?
58
Calculate the remainder when 530 is divided by 488.
42
What is the remainder when 252 is divided by 120?
12
Calculate the remainder when 321 is divided by 88.
57
What is the remainder when 13857 is divided by 462?
459
Calculate the remainder when 2298 is divided by 100.
98
What is the remainder when 10046 is divided by 25?
21
Calculate the remainder when 998 is divided by 14.
4
Calculate the remainder when 621 is divided by 78.
75
Calculate the remainder when 36 is divided by 24.
12
Calculate the remainder when 110 is divided by 8.
6
What is the remainder when 44 is divided by 16?
12
Calculate the remainder when 191 is divided by 39.
35
What is the remainder when 14 is divided by 14?
0
Calcula